{"id":1429,"date":"2019-12-19T16:36:48","date_gmt":"2019-12-19T15:36:48","guid":{"rendered":"https:\/\/www.gesundessalzburg.at\/avos\/?page_id=1429"},"modified":"2024-06-20T15:29:03","modified_gmt":"2024-06-20T13:29:03","slug":"diabetesschulungen","status":"publish","type":"page","link":"https:\/\/www.gesundessalzburg.at\/avos\/was-wir-tun\/schulungsangebote\/diabetesschulungen\/","title":{"rendered":"Diabetesschulungen"},"content":{"rendered":"<p style=\"text-align: center;\">Eine Ma\u00dfnahme des Landes Salzburg und der Sozialversicherungstr\u00e4ger (\u00d6GK, SVS und BVAEB).<\/p>\n","protected":false},"excerpt":{"rendered":"<p>Eine Ma\u00dfnahme des Landes Salzburg und der Sozialversicherungstr\u00e4ger (\u00d6GK, SVS und BVAEB).<\/p>\n","protected":false},"author":1,"featured_media":1461,"parent":1391,"menu_order":10,"comment_status":"closed","ping_status":"closed","template":"","meta":{"_acf_changed":false,"footnotes":""},"class_list":["post-1429","page","type-page","status-publish","has-post-thumbnail","hentry"],"acf":[],"_links":{"self":[{"href":"https:\/\/www.gesundessalzburg.at\/avos\/wp-json\/wp\/v2\/pages\/1429","targetHints":{"allow":["GET"]}}],"collection":[{"href":"https:\/\/www.gesundessalzburg.at\/avos\/wp-json\/wp\/v2\/pages"}],"about":[{"href":"https:\/\/www.gesundessalzburg.at\/avos\/wp-json\/wp\/v2\/types\/page"}],"author":[{"embeddable":true,"href":"https:\/\/www.gesundessalzburg.at\/avos\/wp-json\/wp\/v2\/users\/1"}],"replies":[{"embeddable":true,"href":"https:\/\/www.gesundessalzburg.at\/avos\/wp-json\/wp\/v2\/comments?post=1429"}],"version-history":[{"count":3,"href":"https:\/\/www.gesundessalzburg.at\/avos\/wp-json\/wp\/v2\/pages\/1429\/revisions"}],"predecessor-version":[{"id":7262,"href":"https:\/\/www.gesundessalzburg.at\/avos\/wp-json\/wp\/v2\/pages\/1429\/revisions\/7262"}],"up":[{"embeddable":true,"href":"https:\/\/www.gesundessalzburg.at\/avos\/wp-json\/wp\/v2\/pages\/1391"}],"wp:featuredmedia":[{"embeddable":true,"href":"https:\/\/www.gesundessalzburg.at\/avos\/wp-json\/wp\/v2\/media\/1461"}],"wp:attachment":[{"href":"https:\/\/www.gesundessalzburg.at\/avos\/wp-json\/wp\/v2\/media?parent=1429"}],"curies":[{"name":"wp","href":"https:\/\/api.w.org\/{rel}","templated":true}]}}