{"id":1431,"date":"2019-12-19T16:37:30","date_gmt":"2019-12-19T15:37:30","guid":{"rendered":"https:\/\/www.gesundessalzburg.at\/avos\/?page_id=1431"},"modified":"2025-07-28T12:20:47","modified_gmt":"2025-07-28T10:20:47","slug":"kindernotfallkurse","status":"publish","type":"page","link":"https:\/\/www.gesundessalzburg.at\/avos\/was-wir-tun\/schulungsangebote\/kindernotfallkurse\/","title":{"rendered":"Kindernotfallkurse"},"content":{"rendered":"<p style=\"text-align: center;\">Eltern und Angeh\u00f6rige lernen in der Gruppe mehr Sicherheit und Selbstvertrauen f\u00fcr den Fall der F\u00e4lle.<\/p>\n<p style=\"text-align: center;\">Jetzt gleich <a href=\"https:\/\/www.gesundessalzburg.at\/avos\/was-wir-tun\/schulungsangebote\/kindernotfallkurse\/#kindernotfallkurs-anmeldeformular\"><strong>anmelden<\/strong>!<\/a><\/p>\n","protected":false},"excerpt":{"rendered":"<p>Eltern und Angeh\u00f6rige lernen in der Gruppe mehr Sicherheit und Selbstvertrauen f\u00fcr den Fall der F\u00e4lle. Jetzt gleich anmelden!<\/p>\n","protected":false},"author":1,"featured_media":3325,"parent":1391,"menu_order":20,"comment_status":"closed","ping_status":"closed","template":"","meta":{"_acf_changed":false,"footnotes":""},"class_list":["post-1431","page","type-page","status-publish","has-post-thumbnail","hentry"],"acf":[],"_links":{"self":[{"href":"https:\/\/www.gesundessalzburg.at\/avos\/wp-json\/wp\/v2\/pages\/1431","targetHints":{"allow":["GET"]}}],"collection":[{"href":"https:\/\/www.gesundessalzburg.at\/avos\/wp-json\/wp\/v2\/pages"}],"about":[{"href":"https:\/\/www.gesundessalzburg.at\/avos\/wp-json\/wp\/v2\/types\/page"}],"author":[{"embeddable":true,"href":"https:\/\/www.gesundessalzburg.at\/avos\/wp-json\/wp\/v2\/users\/1"}],"replies":[{"embeddable":true,"href":"https:\/\/www.gesundessalzburg.at\/avos\/wp-json\/wp\/v2\/comments?post=1431"}],"version-history":[{"count":12,"href":"https:\/\/www.gesundessalzburg.at\/avos\/wp-json\/wp\/v2\/pages\/1431\/revisions"}],"predecessor-version":[{"id":9150,"href":"https:\/\/www.gesundessalzburg.at\/avos\/wp-json\/wp\/v2\/pages\/1431\/revisions\/9150"}],"up":[{"embeddable":true,"href":"https:\/\/www.gesundessalzburg.at\/avos\/wp-json\/wp\/v2\/pages\/1391"}],"wp:featuredmedia":[{"embeddable":true,"href":"https:\/\/www.gesundessalzburg.at\/avos\/wp-json\/wp\/v2\/media\/3325"}],"wp:attachment":[{"href":"https:\/\/www.gesundessalzburg.at\/avos\/wp-json\/wp\/v2\/media?parent=1431"}],"curies":[{"name":"wp","href":"https:\/\/api.w.org\/{rel}","templated":true}]}}